{"id":350,"date":"2017-01-24T11:03:53","date_gmt":"2017-01-24T11:03:53","guid":{"rendered":"https:\/\/raratheme.com\/preview\/education-zone\/?page_id=350"},"modified":"2024-05-27T14:39:11","modified_gmt":"2024-05-27T14:39:11","slug":"pourquoi-nous-choisir","status":"publish","type":"page","link":"https:\/\/lesboutschous.com\/index.php\/pourquoi-nous-choisir\/","title":{"rendered":"Pourquoi Nous Choisir"},"content":{"rendered":"<p><strong>Engagement, Bienveillance, Excellence<\/strong><\/p>\n<p>\u00c0 l&rsquo;\u00c9cole Maternelle Les Bout&rsquo;choux, nous nous distinguons par notre engagement in\u00e9branlable envers la qualit\u00e9 de l&rsquo;\u00e9ducation et le bien-\u00eatre de chaque enfant. Voici quelques raisons pour lesquelles vous devriez nous choisir :<\/p>\n<ol>\n<li><strong>Un Environnement S\u00fbr et Stimulant :<\/strong> Nos infrastructures modernes et s\u00e9curis\u00e9es offrent un cadre id\u00e9al pour l&rsquo;apprentissage et l&rsquo;\u00e9panouissement de vos enfants. Les salles de classe spacieuses et bien \u00e9quip\u00e9es sont con\u00e7ues pour stimuler la curiosit\u00e9 et l&rsquo;envie d&rsquo;apprendre.<\/li>\n<li><strong>Un Programme \u00c9ducatif Innovant :<\/strong> Nous proposons un programme \u00e9ducatif reconnu et centr\u00e9 sur l&rsquo;enfant, int\u00e9grant les meilleures pratiques p\u00e9dagogiques et les derni\u00e8res recherches en \u00e9ducation de la petite enfance. Chaque enfant est encourag\u00e9 \u00e0 d\u00e9velopper ses comp\u00e9tences acad\u00e9miques, sociales et \u00e9motionnelles \u00e0 son propre rythme.<\/li>\n<li><strong>Une \u00c9quipe P\u00e9dagogique D\u00e9vou\u00e9e :<\/strong> Nos enseignants qualifi\u00e9s et passionn\u00e9s sont form\u00e9s en continu pour offrir le meilleur de l&rsquo;\u00e9ducation pr\u00e9scolaire. Ils sont d\u00e9vou\u00e9s \u00e0 cr\u00e9er un environnement bienveillant o\u00f9 chaque enfant se sent valoris\u00e9 et encourag\u00e9.<\/li>\n<li><strong>Une Communication Transparente :<\/strong> Nous croyons en l&rsquo;importance d&rsquo;un partenariat solide entre l&rsquo;\u00e9cole et les parents. Nous organisons r\u00e9guli\u00e8rement des r\u00e9unions, des ateliers et des \u00e9v\u00e9nements pour vous impliquer dans la vie scolaire et vous tenir inform\u00e9s du progr\u00e8s de votre enfant.<\/li>\n<li><strong>D\u00e9veloppement Int\u00e9gral de l&rsquo;Enfant :<\/strong> Nous visons \u00e0 pr\u00e9parer nos \u00e9l\u00e8ves pour une transition fluide vers l&rsquo;\u00e9cole primaire et au-del\u00e0. Nos cours vari\u00e9s et nos activit\u00e9s extrascolaires favorisent le d\u00e9veloppement int\u00e9gral de chaque enfant, en les pr\u00e9parant \u00e0 devenir des citoyens responsables et bien adapt\u00e9s aux divers environnements culturels.<\/li>\n<\/ol>\n<p>Choisir l&rsquo;\u00c9cole Maternelle Les Bout&rsquo;choux, c&rsquo;est offrir \u00e0 votre enfant un avenir prometteur dans un cadre bienveillant et stimulant, o\u00f9 chaque jour est une nouvelle opportunit\u00e9 d&rsquo;apprendre et de grandir.<\/p>\n","protected":false},"excerpt":{"rendered":"<p>Engagement, Bienveillance, Excellence \u00c0 l&rsquo;\u00c9cole Maternelle Les Bout&rsquo;choux, nous nous distinguons par notre engagement in\u00e9branlable envers la qualit\u00e9 de l&rsquo;\u00e9ducation &hellip; <\/p>\n","protected":false},"author":1,"featured_media":516,"parent":0,"menu_order":0,"comment_status":"closed","ping_status":"closed","template":"","meta":{"om_disable_all_campaigns":false,"_monsterinsights_skip_tracking":false,"_monsterinsights_sitenote_active":false,"_monsterinsights_sitenote_note":"","_monsterinsights_sitenote_category":0,"footnotes":""},"class_list":["post-350","page","type-page","status-publish","has-post-thumbnail","hentry"],"aioseo_notices":[],"_links":{"self":[{"href":"https:\/\/lesboutschous.com\/index.php\/wp-json\/wp\/v2\/pages\/350","targetHints":{"allow":["GET"]}}],"collection":[{"href":"https:\/\/lesboutschous.com\/index.php\/wp-json\/wp\/v2\/pages"}],"about":[{"href":"https:\/\/lesboutschous.com\/index.php\/wp-json\/wp\/v2\/types\/page"}],"author":[{"embeddable":true,"href":"https:\/\/lesboutschous.com\/index.php\/wp-json\/wp\/v2\/users\/1"}],"replies":[{"embeddable":true,"href":"https:\/\/lesboutschous.com\/index.php\/wp-json\/wp\/v2\/comments?post=350"}],"version-history":[{"count":1,"href":"https:\/\/lesboutschous.com\/index.php\/wp-json\/wp\/v2\/pages\/350\/revisions"}],"predecessor-version":[{"id":476,"href":"https:\/\/lesboutschous.com\/index.php\/wp-json\/wp\/v2\/pages\/350\/revisions\/476"}],"wp:featuredmedia":[{"embeddable":true,"href":"https:\/\/lesboutschous.com\/index.php\/wp-json\/wp\/v2\/media\/516"}],"wp:attachment":[{"href":"https:\/\/lesboutschous.com\/index.php\/wp-json\/wp\/v2\/media?parent=350"}],"curies":[{"name":"wp","href":"https:\/\/api.w.org\/{rel}","templated":true}]}}